{"id":117,"date":"2024-07-04T02:37:33","date_gmt":"2024-07-03T23:37:33","guid":{"rendered":"https:\/\/alcissilva.fi\/Allan100v\/?page_id=117"},"modified":"2024-07-05T01:38:27","modified_gmt":"2024-07-04T22:38:27","slug":"linja-autokierros","status":"publish","type":"page","link":"https:\/\/alcissilva.fi\/Allan100v\/index.php\/linja-autokierros\/","title":{"rendered":"Linja-autokierros"},"content":{"rendered":"\n<p>Veli-Pekka j\u00e4rjesti osallistujille yll\u00e4tyksen ajamalla opistolle linja-auton mallia Scania 1977. Veli-Pekka ajoi kierroksen, jonka aikana saimme n\u00e4hd\u00e4 Laitalan tontin Loiman kyl\u00e4ss\u00e4, presidentti Risto Rytin muistomerkin, Allanin ja Taimin asunnot Lauttakyl\u00e4ss\u00e4, kuin my\u00f6s heid\u00e4n viimeisen leposijansa Huittisten kirkkomaalla.<\/p>\n\n\n\n<figure class=\"wp-block-image size-large\"><a href=\"https:\/\/alcissilva.fi\/Allan100v\/wp-content\/uploads\/2024\/07\/Scania1-scaled.jpg\"><img loading=\"lazy\" decoding=\"async\" width=\"1024\" height=\"771\" src=\"https:\/\/alcissilva.fi\/Allan100v\/wp-content\/uploads\/2024\/07\/Scania1-1024x771.jpg\" alt=\"\" class=\"wp-image-118\" srcset=\"https:\/\/alcissilva.fi\/Allan100v\/wp-content\/uploads\/2024\/07\/Scania1-1024x771.jpg 1024w, https:\/\/alcissilva.fi\/Allan100v\/wp-content\/uploads\/2024\/07\/Scania1-300x226.jpg 300w, https:\/\/alcissilva.fi\/Allan100v\/wp-content\/uploads\/2024\/07\/Scania1-768x578.jpg 768w, https:\/\/alcissilva.fi\/Allan100v\/wp-content\/uploads\/2024\/07\/Scania1-1536x1157.jpg 1536w, https:\/\/alcissilva.fi\/Allan100v\/wp-content\/uploads\/2024\/07\/Scania1-2048x1542.jpg 2048w, https:\/\/alcissilva.fi\/Allan100v\/wp-content\/uploads\/2024\/07\/Scania1-600x452.jpg 600w, https:\/\/alcissilva.fi\/Allan100v\/wp-content\/uploads\/2024\/07\/Scania1-945x712.jpg 945w\" sizes=\"auto, (max-width: 1024px) 100vw, 1024px\" \/><\/a><\/figure>\n\n\n\n<p>Scania 1977 on todellinen klassikko. Niit\u00e4 risteili Suomen maanteill\u00e4 aikanaan, mutta montakohan toimivaa mahtaa en\u00e4\u00e4 olla?<\/p>\n\n\n\n<figure class=\"wp-block-image size-large\"><a href=\"https:\/\/alcissilva.fi\/Allan100v\/wp-content\/uploads\/2024\/07\/Scania2-scaled.jpg\"><img loading=\"lazy\" decoding=\"async\" width=\"1024\" height=\"771\" src=\"https:\/\/alcissilva.fi\/Allan100v\/wp-content\/uploads\/2024\/07\/Scania2-1024x771.jpg\" alt=\"\" class=\"wp-image-119\" srcset=\"https:\/\/alcissilva.fi\/Allan100v\/wp-content\/uploads\/2024\/07\/Scania2-1024x771.jpg 1024w, https:\/\/alcissilva.fi\/Allan100v\/wp-content\/uploads\/2024\/07\/Scania2-300x226.jpg 300w, https:\/\/alcissilva.fi\/Allan100v\/wp-content\/uploads\/2024\/07\/Scania2-768x578.jpg 768w, https:\/\/alcissilva.fi\/Allan100v\/wp-content\/uploads\/2024\/07\/Scania2-1536x1157.jpg 1536w, https:\/\/alcissilva.fi\/Allan100v\/wp-content\/uploads\/2024\/07\/Scania2-2048x1542.jpg 2048w, https:\/\/alcissilva.fi\/Allan100v\/wp-content\/uploads\/2024\/07\/Scania2-600x452.jpg 600w, https:\/\/alcissilva.fi\/Allan100v\/wp-content\/uploads\/2024\/07\/Scania2-945x712.jpg 945w\" sizes=\"auto, (max-width: 1024px) 100vw, 1024px\" \/><\/a><\/figure>\n\n\n\n<p>Nykyisiin linja-autoihin verrattuna hallintalaitteet vaikuttavat koko lailla pelkistetyilt\u00e4. Etualalla on rahastajan ty\u00f6v\u00e4line, mutta t\u00e4lt\u00e4 matkalta rahastaja puuttui.<\/p>\n\n\n\n<figure class=\"wp-block-image size-large\"><a href=\"https:\/\/alcissilva.fi\/Allan100v\/wp-content\/uploads\/2024\/07\/Laitala1-scaled.jpg\"><img loading=\"lazy\" decoding=\"async\" width=\"1024\" height=\"771\" src=\"https:\/\/alcissilva.fi\/Allan100v\/wp-content\/uploads\/2024\/07\/Laitala1-1024x771.jpg\" alt=\"\" class=\"wp-image-120\" srcset=\"https:\/\/alcissilva.fi\/Allan100v\/wp-content\/uploads\/2024\/07\/Laitala1-1024x771.jpg 1024w, https:\/\/alcissilva.fi\/Allan100v\/wp-content\/uploads\/2024\/07\/Laitala1-300x226.jpg 300w, https:\/\/alcissilva.fi\/Allan100v\/wp-content\/uploads\/2024\/07\/Laitala1-768x578.jpg 768w, https:\/\/alcissilva.fi\/Allan100v\/wp-content\/uploads\/2024\/07\/Laitala1-1536x1157.jpg 1536w, https:\/\/alcissilva.fi\/Allan100v\/wp-content\/uploads\/2024\/07\/Laitala1-2048x1542.jpg 2048w, https:\/\/alcissilva.fi\/Allan100v\/wp-content\/uploads\/2024\/07\/Laitala1-600x452.jpg 600w, https:\/\/alcissilva.fi\/Allan100v\/wp-content\/uploads\/2024\/07\/Laitala1-945x712.jpg 945w\" sizes=\"auto, (max-width: 1024px) 100vw, 1024px\" \/><\/a><\/figure>\n\n\n\n<p>T\u00e4ll\u00e4 tontilla sijaitsi aikanaan talo, jossa Allan ja Taimi Laitala perheens\u00e4 kasvattivat. Kuva on linja-auton ikkunasta.<\/p>\n\n\n\n<figure class=\"wp-block-image size-large\"><a href=\"https:\/\/alcissilva.fi\/Allan100v\/wp-content\/uploads\/2024\/07\/Laitala2-scaled.jpg\"><img loading=\"lazy\" decoding=\"async\" width=\"1024\" height=\"771\" src=\"https:\/\/alcissilva.fi\/Allan100v\/wp-content\/uploads\/2024\/07\/Laitala2-1024x771.jpg\" alt=\"\" class=\"wp-image-121\" srcset=\"https:\/\/alcissilva.fi\/Allan100v\/wp-content\/uploads\/2024\/07\/Laitala2-1024x771.jpg 1024w, https:\/\/alcissilva.fi\/Allan100v\/wp-content\/uploads\/2024\/07\/Laitala2-300x226.jpg 300w, https:\/\/alcissilva.fi\/Allan100v\/wp-content\/uploads\/2024\/07\/Laitala2-768x578.jpg 768w, https:\/\/alcissilva.fi\/Allan100v\/wp-content\/uploads\/2024\/07\/Laitala2-1536x1157.jpg 1536w, https:\/\/alcissilva.fi\/Allan100v\/wp-content\/uploads\/2024\/07\/Laitala2-2048x1542.jpg 2048w, https:\/\/alcissilva.fi\/Allan100v\/wp-content\/uploads\/2024\/07\/Laitala2-600x452.jpg 600w, https:\/\/alcissilva.fi\/Allan100v\/wp-content\/uploads\/2024\/07\/Laitala2-945x712.jpg 945w\" sizes=\"auto, (max-width: 1024px) 100vw, 1024px\" \/><\/a><\/figure>\n\n\n\n<p>Nykyisin tontin omistaa Vesa Laitala, Allanin ja Taimin poika. Kuva on linja-auton ikkunasta.<\/p>\n\n\n\n<figure class=\"wp-block-image size-large\"><a href=\"https:\/\/alcissilva.fi\/Allan100v\/wp-content\/uploads\/2024\/07\/Hautakivi-scaled.jpg\"><img loading=\"lazy\" decoding=\"async\" width=\"1024\" height=\"783\" src=\"https:\/\/alcissilva.fi\/Allan100v\/wp-content\/uploads\/2024\/07\/Hautakivi-1024x783.jpg\" alt=\"\" class=\"wp-image-122\" srcset=\"https:\/\/alcissilva.fi\/Allan100v\/wp-content\/uploads\/2024\/07\/Hautakivi-1024x783.jpg 1024w, https:\/\/alcissilva.fi\/Allan100v\/wp-content\/uploads\/2024\/07\/Hautakivi-300x229.jpg 300w, https:\/\/alcissilva.fi\/Allan100v\/wp-content\/uploads\/2024\/07\/Hautakivi-768x588.jpg 768w, https:\/\/alcissilva.fi\/Allan100v\/wp-content\/uploads\/2024\/07\/Hautakivi-1536x1175.jpg 1536w, https:\/\/alcissilva.fi\/Allan100v\/wp-content\/uploads\/2024\/07\/Hautakivi-2048x1567.jpg 2048w, https:\/\/alcissilva.fi\/Allan100v\/wp-content\/uploads\/2024\/07\/Hautakivi-600x459.jpg 600w, https:\/\/alcissilva.fi\/Allan100v\/wp-content\/uploads\/2024\/07\/Hautakivi-945x723.jpg 945w\" sizes=\"auto, (max-width: 1024px) 100vw, 1024px\" \/><\/a><\/figure>\n\n\n\n<p>Isovanhempani Allan ja Taimi lep\u00e4\u00e4v\u00e4t Herran rauhassa ja varjeluksessa Huittisten kirkkomaalla. Samaan hautaan on laskettu my\u00f6s enoni Timon tuhkauurna.<\/p>\n\n\n\n<figure class=\"wp-block-image size-large\"><a href=\"https:\/\/alcissilva.fi\/Allan100v\/wp-content\/uploads\/2024\/07\/Sankarihaudat-scaled.jpg\"><img loading=\"lazy\" decoding=\"async\" width=\"1024\" height=\"771\" src=\"https:\/\/alcissilva.fi\/Allan100v\/wp-content\/uploads\/2024\/07\/Sankarihaudat-1024x771.jpg\" alt=\"\" class=\"wp-image-138\" srcset=\"https:\/\/alcissilva.fi\/Allan100v\/wp-content\/uploads\/2024\/07\/Sankarihaudat-1024x771.jpg 1024w, https:\/\/alcissilva.fi\/Allan100v\/wp-content\/uploads\/2024\/07\/Sankarihaudat-300x226.jpg 300w, https:\/\/alcissilva.fi\/Allan100v\/wp-content\/uploads\/2024\/07\/Sankarihaudat-768x578.jpg 768w, https:\/\/alcissilva.fi\/Allan100v\/wp-content\/uploads\/2024\/07\/Sankarihaudat-1536x1157.jpg 1536w, https:\/\/alcissilva.fi\/Allan100v\/wp-content\/uploads\/2024\/07\/Sankarihaudat-2048x1542.jpg 2048w, https:\/\/alcissilva.fi\/Allan100v\/wp-content\/uploads\/2024\/07\/Sankarihaudat-600x452.jpg 600w, https:\/\/alcissilva.fi\/Allan100v\/wp-content\/uploads\/2024\/07\/Sankarihaudat-945x712.jpg 945w\" sizes=\"auto, (max-width: 1024px) 100vw, 1024px\" \/><\/a><\/figure>\n\n\n\n<p>Kuvan taustalla on Huittisten my\u00f6h\u00e4iskeskiajalta per\u00e4isin oleva kaunis kivikirkko. Kirkko on Pyh\u00e4n Katariinan muistolle pyhitetty, samoin kuin my\u00f6s oma kotikirkkoni Turun Nummen kaupunginosassa. Kuvan etuosassa n\u00e4kyv\u00e4t is\u00e4nmaata puolustaessaan kaatuneiden miesten haudat. Isois\u00e4ni Frans Hirvensalo, t\u00e4nne haudattujen miesten aseveli aikoinaan, kertoi minulle useasti pit\u00e4neens\u00e4 Huittisten sankarihautausmaata yhten\u00e4 Suomen kauneimmista.<\/p>\n","protected":false},"excerpt":{"rendered":"<p>Veli-Pekka j\u00e4rjesti osallistujille yll\u00e4tyksen ajamalla opistolle linja-auton mallia Scania 1977. Veli-Pekka ajoi kierroksen, jonka aikana saimme n\u00e4hd\u00e4 Laitalan tontin Loiman kyl\u00e4ss\u00e4, presidentti Risto Rytin muistomerkin, Allanin ja Taimin asunnot Lauttakyl\u00e4ss\u00e4, kuin my\u00f6s heid\u00e4n viimeisen leposijansa Huittisten kirkkomaalla. Scania 1977 on&#8230; <a class=\"more-link\" href=\"https:\/\/alcissilva.fi\/Allan100v\/index.php\/linja-autokierros\/\">Continue Reading &rarr;<\/a><\/p>\n","protected":false},"author":1,"featured_media":0,"parent":0,"menu_order":0,"comment_status":"open","ping_status":"closed","template":"","meta":{"footnotes":""},"class_list":["post-117","page","type-page","status-publish","hentry"],"_links":{"self":[{"href":"https:\/\/alcissilva.fi\/Allan100v\/index.php\/wp-json\/wp\/v2\/pages\/117","targetHints":{"allow":["GET"]}}],"collection":[{"href":"https:\/\/alcissilva.fi\/Allan100v\/index.php\/wp-json\/wp\/v2\/pages"}],"about":[{"href":"https:\/\/alcissilva.fi\/Allan100v\/index.php\/wp-json\/wp\/v2\/types\/page"}],"author":[{"embeddable":true,"href":"https:\/\/alcissilva.fi\/Allan100v\/index.php\/wp-json\/wp\/v2\/users\/1"}],"replies":[{"embeddable":true,"href":"https:\/\/alcissilva.fi\/Allan100v\/index.php\/wp-json\/wp\/v2\/comments?post=117"}],"version-history":[{"count":19,"href":"https:\/\/alcissilva.fi\/Allan100v\/index.php\/wp-json\/wp\/v2\/pages\/117\/revisions"}],"predecessor-version":[{"id":174,"href":"https:\/\/alcissilva.fi\/Allan100v\/index.php\/wp-json\/wp\/v2\/pages\/117\/revisions\/174"}],"wp:attachment":[{"href":"https:\/\/alcissilva.fi\/Allan100v\/index.php\/wp-json\/wp\/v2\/media?parent=117"}],"curies":[{"name":"wp","href":"https:\/\/api.w.org\/{rel}","templated":true}]}}

<p>Veli-Pekka järjesti osallistujille yllätyksen ajamalla opistolle linja-auton mallia Scania 1977. Veli-Pekka ajoi kierroksen, jonka aikana saimme nähdä Laitalan tontin Loiman kylässä, presidentti Risto Rytin muistomerkin, Allanin ja Taimin asunnot Lauttakylässä, kuin myös heidän viimeisen leposijansa Huittisten kirkkomaalla.</p>



<figure class="wp-block-image size-large"><a href="https://alcissilva.fi/Allan100v/wp-content/uploads/2024/07/Scania1-scaled.jpg"><img loading="lazy" decoding="async" width="1024" height="771" src="https://alcissilva.fi/Allan100v/wp-content/uploads/2024/07/Scania1-1024x771.jpg" alt="" class="wp-image-118" srcset="https://alcissilva.fi/Allan100v/wp-content/uploads/2024/07/Scania1-1024x771.jpg 1024w, https://alcissilva.fi/Allan100v/wp-content/uploads/2024/07/Scania1-300x226.jpg 300w, https://alcissilva.fi/Allan100v/wp-content/uploads/2024/07/Scania1-768x578.jpg 768w, https://alcissilva.fi/Allan100v/wp-content/uploads/2024/07/Scania1-1536x1157.jpg 1536w, https://alcissilva.fi/Allan100v/wp-content/uploads/2024/07/Scania1-2048x1542.jpg 2048w, https://alcissilva.fi/Allan100v/wp-content/uploads/2024/07/Scania1-600x452.jpg 600w, https://alcissilva.fi/Allan100v/wp-content/uploads/2024/07/Scania1-945x712.jpg 945w" sizes="auto, (max-width: 1024px) 100vw, 1024px" /></a></figure>



<p>Scania 1977 on todellinen klassikko. Niitä risteili Suomen maanteillä aikanaan, mutta montakohan toimivaa mahtaa enää olla?</p>



<figure class="wp-block-image size-large"><a href="https://alcissilva.fi/Allan100v/wp-content/uploads/2024/07/Scania2-scaled.jpg"><img loading="lazy" decoding="async" width="1024" height="771" src="https://alcissilva.fi/Allan100v/wp-content/uploads/2024/07/Scania2-1024x771.jpg" alt="" class="wp-image-119" srcset="https://alcissilva.fi/Allan100v/wp-content/uploads/2024/07/Scania2-1024x771.jpg 1024w, https://alcissilva.fi/Allan100v/wp-content/uploads/2024/07/Scania2-300x226.jpg 300w, https://alcissilva.fi/Allan100v/wp-content/uploads/2024/07/Scania2-768x578.jpg 768w, https://alcissilva.fi/Allan100v/wp-content/uploads/2024/07/Scania2-1536x1157.jpg 1536w, https://alcissilva.fi/Allan100v/wp-content/uploads/2024/07/Scania2-2048x1542.jpg 2048w, https://alcissilva.fi/Allan100v/wp-content/uploads/2024/07/Scania2-600x452.jpg 600w, https://alcissilva.fi/Allan100v/wp-content/uploads/2024/07/Scania2-945x712.jpg 945w" sizes="auto, (max-width: 1024px) 100vw, 1024px" /></a></figure>



<p>Nykyisiin linja-autoihin verrattuna hallintalaitteet vaikuttavat koko lailla pelkistetyiltä. Etualalla on rahastajan työväline, mutta tältä matkalta rahastaja puuttui.</p>



<figure class="wp-block-image size-large"><a href="https://alcissilva.fi/Allan100v/wp-content/uploads/2024/07/Laitala1-scaled.jpg"><img loading="lazy" decoding="async" width="1024" height="771" src="https://alcissilva.fi/Allan100v/wp-content/uploads/2024/07/Laitala1-1024x771.jpg" alt="" class="wp-image-120" srcset="https://alcissilva.fi/Allan100v/wp-content/uploads/2024/07/Laitala1-1024x771.jpg 1024w, https://alcissilva.fi/Allan100v/wp-content/uploads/2024/07/Laitala1-300x226.jpg 300w, https://alcissilva.fi/Allan100v/wp-content/uploads/2024/07/Laitala1-768x578.jpg 768w, https://alcissilva.fi/Allan100v/wp-content/uploads/2024/07/Laitala1-1536x1157.jpg 1536w, https://alcissilva.fi/Allan100v/wp-content/uploads/2024/07/Laitala1-2048x1542.jpg 2048w, https://alcissilva.fi/Allan100v/wp-content/uploads/2024/07/Laitala1-600x452.jpg 600w, https://alcissilva.fi/Allan100v/wp-content/uploads/2024/07/Laitala1-945x712.jpg 945w" sizes="auto, (max-width: 1024px) 100vw, 1024px" /></a></figure>



<p>Tällä tontilla sijaitsi aikanaan talo, jossa Allan ja Taimi Laitala perheensä kasvattivat. Kuva on linja-auton ikkunasta.</p>



<figure class="wp-block-image size-large"><a href="https://alcissilva.fi/Allan100v/wp-content/uploads/2024/07/Laitala2-scaled.jpg"><img loading="lazy" decoding="async" width="1024" height="771" src="https://alcissilva.fi/Allan100v/wp-content/uploads/2024/07/Laitala2-1024x771.jpg" alt="" class="wp-image-121" srcset="https://alcissilva.fi/Allan100v/wp-content/uploads/2024/07/Laitala2-1024x771.jpg 1024w, https://alcissilva.fi/Allan100v/wp-content/uploads/2024/07/Laitala2-300x226.jpg 300w, https://alcissilva.fi/Allan100v/wp-content/uploads/2024/07/Laitala2-768x578.jpg 768w, https://alcissilva.fi/Allan100v/wp-content/uploads/2024/07/Laitala2-1536x1157.jpg 1536w, https://alcissilva.fi/Allan100v/wp-content/uploads/2024/07/Laitala2-2048x1542.jpg 2048w, https://alcissilva.fi/Allan100v/wp-content/uploads/2024/07/Laitala2-600x452.jpg 600w, https://alcissilva.fi/Allan100v/wp-content/uploads/2024/07/Laitala2-945x712.jpg 945w" sizes="auto, (max-width: 1024px) 100vw, 1024px" /></a></figure>



<p>Nykyisin tontin omistaa Vesa Laitala, Allanin ja Taimin poika. Kuva on linja-auton ikkunasta.</p>



<figure class="wp-block-image size-large"><a href="https://alcissilva.fi/Allan100v/wp-content/uploads/2024/07/Hautakivi-scaled.jpg"><img loading="lazy" decoding="async" width="1024" height="783" src="https://alcissilva.fi/Allan100v/wp-content/uploads/2024/07/Hautakivi-1024x783.jpg" alt="" class="wp-image-122" srcset="https://alcissilva.fi/Allan100v/wp-content/uploads/2024/07/Hautakivi-1024x783.jpg 1024w, https://alcissilva.fi/Allan100v/wp-content/uploads/2024/07/Hautakivi-300x229.jpg 300w, https://alcissilva.fi/Allan100v/wp-content/uploads/2024/07/Hautakivi-768x588.jpg 768w, https://alcissilva.fi/Allan100v/wp-content/uploads/2024/07/Hautakivi-1536x1175.jpg 1536w, https://alcissilva.fi/Allan100v/wp-content/uploads/2024/07/Hautakivi-2048x1567.jpg 2048w, https://alcissilva.fi/Allan100v/wp-content/uploads/2024/07/Hautakivi-600x459.jpg 600w, https://alcissilva.fi/Allan100v/wp-content/uploads/2024/07/Hautakivi-945x723.jpg 945w" sizes="auto, (max-width: 1024px) 100vw, 1024px" /></a></figure>



<p>Isovanhempani Allan ja Taimi lepäävät Herran rauhassa ja varjeluksessa Huittisten kirkkomaalla. Samaan hautaan on laskettu myös enoni Timon tuhkauurna.</p>



<figure class="wp-block-image size-large"><a href="https://alcissilva.fi/Allan100v/wp-content/uploads/2024/07/Sankarihaudat-scaled.jpg"><img loading="lazy" decoding="async" width="1024" height="771" src="https://alcissilva.fi/Allan100v/wp-content/uploads/2024/07/Sankarihaudat-1024x771.jpg" alt="" class="wp-image-138" srcset="https://alcissilva.fi/Allan100v/wp-content/uploads/2024/07/Sankarihaudat-1024x771.jpg 1024w, https://alcissilva.fi/Allan100v/wp-content/uploads/2024/07/Sankarihaudat-300x226.jpg 300w, https://alcissilva.fi/Allan100v/wp-content/uploads/2024/07/Sankarihaudat-768x578.jpg 768w, https://alcissilva.fi/Allan100v/wp-content/uploads/2024/07/Sankarihaudat-1536x1157.jpg 1536w, https://alcissilva.fi/Allan100v/wp-content/uploads/2024/07/Sankarihaudat-2048x1542.jpg 2048w, https://alcissilva.fi/Allan100v/wp-content/uploads/2024/07/Sankarihaudat-600x452.jpg 600w, https://alcissilva.fi/Allan100v/wp-content/uploads/2024/07/Sankarihaudat-945x712.jpg 945w" sizes="auto, (max-width: 1024px) 100vw, 1024px" /></a></figure>



<p>Kuvan taustalla on Huittisten myöhäiskeskiajalta peräisin oleva kaunis kivikirkko. Kirkko on Pyhän Katariinan muistolle pyhitetty, samoin kuin myös oma kotikirkkoni Turun Nummen kaupunginosassa. Kuvan etuosassa näkyvät isänmaata puolustaessaan kaatuneiden miesten haudat. Isoisäni Frans Hirvensalo, tänne haudattujen miesten aseveli aikoinaan, kertoi minulle useasti pitäneensä Huittisten sankarihautausmaata yhtenä Suomen kauneimmista.</p>

<p>Veli-Pekka järjesti osallistujille yllätyksen ajamalla opistolle linja-auton mallia Scania 1977. Veli-Pekka ajoi kierroksen, jonka aikana saimme nähdä Laitalan tontin Loiman kylässä, presidentti Risto Rytin muistomerkin, Allanin ja Taimin asunnot Lauttakylässä, kuin myös heidän viimeisen leposijansa Huittisten kirkkomaalla. Scania 1977 on&#8230; <a class="more-link" href="https://alcissilva.fi/Allan100v/index.php/linja-autokierros/">Continue Reading &rarr;</a></p>
